
-4
Let u = 1 - 1. Let r(v) be the third derivative of 0*v**5 - 1/40*v**6 + 0 + 0*v**4 - 2*v**2 + 0*v**3 + u*v. Determine r(-1).
3
Let j(l) = -2*l - 1. Let u(b) be the third derivative of -3*b**2 + 1/6*b**3 + 0 + 1/12*b**4 + 0*b. Let h(g) = 3*j(g) + 4*u(g). Calculate h(-1).
-1
Let y(x) = x**3 + 9*x**2 - 10*x - 3. Let j = -26 - -16. Let i be y(j). Let b(w) = -w**3 - 4*w**2 - 3*w + 4. Calculate b(i).
4
Let u(n) = n + 20. Let h be u(-14). Let c(s) = s**2 - 11*s + 9. Let o(r) = r**2 - 10*r + 8. Let y(x) = -3*c(x) + 4*o(x). Determine y(h).
-1
Let f(v) = 2*v**2 - v**2 - 1 - 2*v**3 - v**3. Let c = 4 - 4. Let n be 2 + c + (2 - 5). Calculate f(n).
3
Let k(p) = -2 - 9*p**2 + 2*p**3 + 2*p**2 + 8*p**2. Calculate k(-2).
-14
Let m(g) = -g + 8. Let c be 8/(-6)*(-18)/4. Let j be m(c). Suppose r + 3*b + 2*b = -8, b + 6 = j*r. Let y(p) = -2*p + 1. What is y(r)?
-3
Let u(v) = v - 13. Suppose -53 = -6*r + 7. What is u(r)?
-3
Let b be (-2)/(2 - 9/6). Let d(j) = -2 - 4*j + 0*j + 2*j. Let r(o) = -o - 1. Let a(m) = 3*d(m) - 5*r(m). Calculate a(b).
3
Let q(n) = n**2 + n + 2. Let c(j) = 5*j**2 + 4*j + 8. Let r = 0 - -2. Let i(a) = r*c(a) - 9*q(a). Determine i(3).
4
Let g = 6 + 9. Let n = 8 - g. Let s(v) = -v**3 - 7*v**2 + v + 6. What is s(n)?
-1
Let z = -2 - -4. Suppose 3*m = z*m + 3. Let b(w) = 0*w - m + 6*w - 3*w**2 + 2*w**2 + w. What is b(5)?
7
Let r(z) be the second derivative of z**5/60 - 5*z**4/24 + z**3/3 - 3*z**2/2 + 4*z. Let v(b) be the first derivative of r(b). Determine v(6).
8
Let j(c) be the first derivative of c**6/120 - c**5/30 + c**3/3 + c**2 - 2. Let k(w) be the second derivative of j(w). Determine k(3).
11
Let y(q) = q**3 - 7*q**2 + q - 10. Suppose -12 = -3*h, -g + 25 = 2*g + h. What is y(g)?
-3
Suppose -5*p + 30 = -3*p. Suppose 2*m = p - 7. Let k(d) = -d**2 - 1 + 6*d - 3 + 3. Determine k(m).
7
Let v be -1 + 11 + 1 + -2. Let c(u) = -u**2 - 3*u - 3. Let r(a) = -2*a**2 - 5*a - 5. Let x(y) = v*c(y) - 4*r(y). Suppose -2*l = 2*l + 20. Give x(l).
3
Let q(l) = -l**2 + 2*l + 1. Let j(h) = 3*h**2 - 4*h - 2. Let p = -5 + 8. Let z(w) = p*j(w) + 5*q(w). Let n = -4 + 3. Calculate z(n).
5
Let f(a) be the second derivative of -a**4/12 - 7*a**3/6 - 3*a**2/2 - 4*a. Let s be 2/(-5) - (-22)/5. Suppose 5*r + s + 21 = 0. Determine f(r).
7
Suppose a + 7 - 8 = 0. Let t(g) = -a - g - g + 1 - 4. Give t(-6).
8
Let z = 26 + -29. Let k(w) = -4*w - 3. Give k(z).
9
Let i(g) = -g + 10. Let r be i(7). Suppose 0 = 3*t - 4*p - 1, 5*t - p = r*p + 7. Let x(k) = -k - t*k - 3*k - 4*k**2 + 6*k. What is x(-1)?
-3
Suppose 4*o - 10 = 2. Let z(b) be the second derivative of b**5/20 - b**4/3 + 2*b**3/3 + 31*b. Give z(o).
3
Let a(w) be the third derivative of 0 - 1/6*w**3 - w**2 + 1/6*w**4 + 0*w. What is a(-2)?
-9
Let v(c) = c + 3. Let a be -2 + (-2 + 4 - 0). Suppose 4*f - f = 15, a = -5*x - 2*f + 35. What is v(x)?
8
Let n = 0 - -2. Let j = -2 - -6. Let o(t) = -t - 1 + j*t - t. Determine o(n).
3
Suppose -h - 5 = -a, -3*h - 16 = -4*a + 2. Let g(t) = -3*t**2 - t**3 - 1 + 3*t + 0 + 0*t**a. Let c be 14/(-7) - (1 - -1). Give g(c).
3
Let z(h) = -h + 6. Suppose 70 = 5*g - 5*d, 3*g + 2*d + d - 42 = 0. Suppose 0 = -4*s - 6 - g, o - 27 = 4*s. Calculate z(o).
-1
Suppose 0 = 2*d - 3*n - 19, 2*d - 6*n - 14 = -4*n. Let k(f) = -2*f - 2*f**3 + d*f**3 + 5*f**2 + f**2 + 9 - f**3. Calculate k(6).
-3
Suppose 0 = -g - 3*g - 2*k + 80, 2 = g + 5*k. Let a be 4/(-10) - g/(-5). Let j(d) be the second derivative of -d**3/3 + 3*d**2 - 12*d. Calculate j(a).
-2
Let y(k) = -k**3 + 4*k**2 + 3*k + 5. Let g(v) = -v**3 + 3*v**2 + 2*v + 5. Let i(o) = 4*g(o) - 3*y(o). Let j be 5 - 11 - -4 - (3 + -5). Determine i(j).
5
Let m(y) be the second derivative of y**8/6720 - y**7/2520 - y**4/12 - 3*y. Let u(d) be the third derivative of m(d). Calculate u(1).
0
Let c(s) be the third derivative of -s**5/60 + s**4/6 - 2*s**3/3 + 4*s**2. Give c(4).
-4
Let u(d) = 2*d**2 - 3*d + 3. Let a = -14 + 20. Suppose 0*c = -c + a. Let w = 8 - c. Give u(w).
5
Suppose 0 = 2*i - 2*j - 2*j - 2, -5*i = -3*j + 16. Suppose -2*r + 2 = 2*y - 8, -2*r + y = 5. Let x(o) = 2*o - 9 - 4*o + r + o. Calculate x(i).
-4
Suppose 3*a = a + i + 5, -3*a - i = -5. Let w(o) = -a + 0*o - 2*o + 3*o. Let c(h) = -h**2 - 7*h - 6. Let r be c(-6). Determine w(r).
-2
Let w(b) = -b**3 + 4*b**2 + 5*b - 4. Let s be w(4). Suppose 5*k = 5*f + 40, k = -2*k + f + s. Let g = k - 2. Let l(c) = -c**3 + c**2 - 3*c + 3. Determine l(g).
-7
Let i(x) = -x**3 - 2*x**2 + x - 3. Suppose -3*h = h + 12. Give i(h).
3
Let a(r) = r**3 - r + 1. Let m(s) be the second derivative of s**4/12 + 4*s**3/3 - 9*s**2/2 + s. Let k be m(-9). Give a(k).
1
Let f(v) = v + 12. Suppose -3*h - 16 = 2. Calculate f(h).
6
Let i(w) be the third derivative of -w**6/120 + w**5/10 - 2*w**3/3 - w**2. Calculate i(6).
-4
Let r(z) = -7*z - 2. Let s(h) = -8*h - 2. Let m(a) = 6*r(a) - 5*s(a). Let x be 1/(-4) - (-34)/8. Let l(g) = -g**3 + 4*g**2 + 3. Let p be l(x). Determine m(p).
-8
Let o(j) be the first derivative of j**3/3 + 9*j**2/2 + 6*j - 11. Let v be -2*2*(-10)/(-8). Calculate o(v).
-14
Let w(b) = 2*b - 6*b**2 + 2*b**2 + b**3 - b. Suppose a = 5*a - 12. Suppose -6 = g - a*g. Determine w(g).
-6
Suppose -2*z + 5*n = 3*z - 15, -2*n + 9 = z. Let m(b) = 8*b + b**2 - 2*b**2 - z - 2. Calculate m(5).
8
Let h(t) = 2*t + 1. Let g(j) = 5*j + 3. Suppose 3*r - 2*w = -6*w - 4, 41 = -2*r + 5*w. Let m(a) = r*h(a) + 3*g(a). What is m(-6)?
7
Let g(k) = 0*k - 3*k**3 + 5*k**2 + 4*k + 4*k**3. Calculate g(-3).
6
Let o be 2/8 - (-57)/12. Let u(d) = d**3 - 5*d**2 + d + 4. Determine u(o).
9
Let r(k) = -6*k - 2. Let f = -10 - -10. Let c be (f/(-3))/3 + -2. Calculate r(c).
10
Let m(h) = h**2 + 6*h + 2. Suppose -b - 7 = -5*p, p = -b - 4 - 3. Determine m(b).
9
Let l(v) = v**3 - 4*v**2 - 4. Suppose -2*g - 2*q + 4 = 0, -5*q = -2*g - 3*g + 20. Determine l(g).
-13
Let p(d) = 2*d**2 - 2*d. Suppose 3*y = -y + 36. Let a = -6 + y. What is p(a)?
12
Let c(f) = -f**3 + f**2 + 2*f + 1. Suppose 4*q - 113 = -37. Suppose 3*g - q + 7 = 0. Suppose 0 = i + 2 - g. Calculate c(i).
1
Let x(u) = -4*u + 4. Let i(t) = 5*t - 3. Let o(d) = -3*i(d) - 4*x(d). Give o(9).
2
Let h(q) = 3*q - 12. Suppose x - 5 = -0. Let d(f) = 3*f - 11. Let m(y) = x*d(y) - 4*h(y). Determine m(5).
8
Let o(z) be the first derivative of z**2/2 - 13. Suppose 4*t = 25 - 1. Calculate o(t).
6
Let u(i) = 8*i**3 + i**2 + 2*i + 1. Suppose -8 + 1 = 7*b. Calculate u(b).
-8
Let o(n) = -3*n + 1. Let f(t) = -1. Let h(z) = -3*f(z) - o(z). What is h(4)?
14
Let k(a) = -6*a**3 + 8*a**2 - 5*a - 6. Let v(s) = 5*s**3 - 7*s**2 + 4*s + 5. Let p(h) = 4*k(h) + 5*v(h). Calculate p(3).
1
Let d(y) = 20*y**2 + 17*y - 2. Let r(k) = -10*k**2 - 8*k + 1. Let q(z) = 6*d(z) + 13*r(z). Calculate q(1).
-11
Let a be 6/(-3)*1*-2. Let d(c) = -c**3 + 3*c**2 + c + 1. Determine d(a).
-11
Let z(g) = g**3 - 3*g**2 - g. Let c be z(4). Suppose 2*m - c = 5*m - 3*j, j = -5*m + 10. Let w(a) = -2*a**2. Calculate w(m).
-2
Let a(s) = -s + 14. Let r(c) = c - 13. Let z(m) = 6*a(m) + 7*r(m). Calculate z(5).
-2
Let p(w) = -w**2 - w + 1. Let j(o) = 6*o**2 - 2*o + 3. Let x(b) = j(b) - 3*p(b). What is x(-1)?
8
Suppose -3*p = -4*p - 15. Let o be (-6)/p - (-2)/(-5). Let m(k) = -k**2 + k + 8. Give m(o).
8
Suppose 0*t = 3*w - t - 9, 4*w = 3*t + 12. Let x(i) = 9 - 9*i + 14*i**3 - 18*i**3 + 5*i**w - 6*i**2. Give x(7).
-5
Let w(y) = y**2 + 9*y + 9. Let d be w(-7). Let z be (-12)/d - (-4)/(-10). Let t(l) = -2*l**3 + l**2 + 2*l + 1. Give t(z).
-7
Let c = 67/180 + -16/45. Let z(q) be the third derivative of -1/60*q**5 + c*q**6 - 1/24*q**4 + 0 + 0*q**3 + 0*q - q**2. What is z(-1)?
-2
Suppose -2*w = 3*j + 13, -3*w - 17 = 2*j - 0*j. Let m(u) = 15*u**3 - u**2 + 21*u - 6. Let i(b) = -7*b**3 - 10*b + 3. Let d(s) = -13*i(s) - 6*m(s). Give d(w).
2
Let v(f) = -f**3 - 4*f**2 + 5*f - 4. Let d be v(-5). Let g be (-10)/2*d/(-10). Let j be 3/g + 5/(-10). Let c(y) = y**2 - y. Calculate c(j).
6
Let q(a) be the third derivative of -a**6/120 - a**5/15 + a**4/8 + a**3 - 2*a**2. Let z be (-26)/7 - (-2)/(-7). What is q(z)?
-6
Let l(u) = 2*u - 2. Suppose -12 = 2*j - 4*x, j = -2*x - 2*x + 12. Let w = 2 - j. Suppose 2*q + 5 = 5*q - 2*t, w*q + 4*t - 14 = 0. Calculate l(q).
4
Suppose 4*s = -42 + 10. Let v be s/36 - 25/9. Let j(x) = -2*x**2 - 5*x - 3. What is j(v)?
-6
Let k(r) = r**3 - 7*r**2 - 6*r. Let 